5
Let b(v) = -15*v - 10. Determine b(-1).
5
Let k(u) = u + 2. What is k(-4)?
-2
Let h(t) = -8*t**3 + 3*t**2 + 4*t + 3. What is h(-2)?
71
Let m(v) = 3*v**2 - 70*v - 32. Give m(24).
16
Let n(f) = f - 7. Calculate n(0).
-7
Let r(j) = 3*j - 9. What is r(6)?
9
Let t(u) = -18*u**2 + 1. Calculate t(2).
-71
Let a(p) = -p**2 + p + 7. Give a(0).
7
Let m(s) = s - 29. What is m(18)?
-11
Let s(w) = w + 28. What is s(-23)?
5
Let a(r) = 11*r + 116. What is a(-10)?
6
Let j(v) = -v**3 + 6*v**2 + 15*v + 22. Determine j(8).
14
Let g(r) = 13*r - 3. Calculate g(3).
36
Let z(n) = n**3 + 4*n**2 + 7*n + 39. Calculate z(-5).
-21
Let o(z) = z**3 + 3*z**2 + 3*z + 4. Calculate o(0).
4
Let h(d) = -5*d + 3. What is h(5)?
-22
Let b(j) = 15*j + 8. Calculate b(-1).
-7
Let j(m) = 2*m**3 + 7*m**2 - 4*m - 2. What is j(-4)?
-2
Let q(l) = -9*l + 30. Determine q(7).
-33
Let t(u) = -7*u - 31. Calculate t(-4).
-3
Let f(x) = 2*x**3 - x**2 - 6*x. Calculate f(-2).
-8
Let o(p) = p**3 + 12*p**2 - p + 3. Determine o(-12).
15
Let j(u) = u**2 + 22*u + 21. Give j(-20).
-19
Let i(u) = -u**3 + u - 2. Determine i(1).
-2
Let g(d) = d**2 - 2*d - 16. Calculate g(0).
-16
Let q(y) = -y**2 + 7*y + 4. What is q(10)?
-26
Let g(x) = 4*x + 12. Determine g(2).
20
Let i(x) = -x**2 + 4*x + 1. Calculate i(4).
1
Let q(i) = -7*i + 2. What is q(2)?
-12
Let w(k) = k**3 - 3*k**2 - 20*k + 17. What is w(8)?
177
Let m(r) = -2*r**2 - 13*r + 7. Determine m(0).
7
Let p(w) = 68*w + 143. Give p(-2).
7
Let o(k) = k**3 + 8*k**2 + 5*k - 7. Calculate o(-7).
7
Let x(n) = -n + 23. Calculate x(13).
10
Let f(u) = u**2 - 22*u + 104. What is f(7)?
-1
Let h(w) = -w**2 + 7*w + 3. Determine h(10).
-27
Let v(p) = p**3 - 16*p**2 - 17*p + 3. What is v(17)?
3
Let d(s) = -2*s**2 - 3*s + 1. Determine d(-3).
-8
Let d(a) = a**2 - 50*a - 390. What is d(57)?
9
Let k(i) = -i - 5. Determine k(-11).
6
Let d(y) = 15*y + 112. What is d(-9)?
-23
Let g(s) = -5*s**3 + s**2 + 2. Determine g(-2).
46
Let h(x) = -x**3 - 4*x**2 + 4*x - 5. What is h(-5)?
0
Let n(j) = j**2 - 3*j + 3. Give n(6).
21
Let o(j) = 10*j - 1. Give o(5).
49
Let j(a) = -2*a - 3. Calculate j(0).
-3
Let c(f) = -f**3 - 3*f**2 - 5*f - 12. Calculate c(-3).
3
Let t(v) = 29*v + 412. Give t(-13).
35
Let c(z) = -z**2 + 12*z. Give c(5).
35
Let y(k) = -2*k**3 - 28*k**2 + 12*k + 8. Give y(-14).
-160
Let r(k) = -k**3 - 2*k - 33. Determine r(0).
-33
Let j(h) = h**3 - 4*h**2 - 5*h + 10. Give j(3).
-14
Let a(t) = 4*t**3 - 31*t**2 - 6*t - 13. Determine a(8).
3
Let n(f) = 6*f**2 + 24*f + 1. Determine n(-3).
-17
Let n(f) = -9*f - 10. Determine n(-7).
53
Let d(b) = b**2 + 2*b - 26. Determine d(-6).
-2
Let b(l) = l - 4. Determine b(-12).
-16
Let f(o) = 19*o + 369. Calculate f(-20).
-11
Let a(x) = 6*x + 1. What is a(-5)?
-29
Let o(g) = 13*g - 250. Give o(20).
10
Let v(k) = -2*k**2 + 11*k - 4. Give v(5).
1
Let z(h) = -18*h + 1. What is z(1)?
-17
Let p(s) = s**3 + 5*s**2 + 1. Determine p(-5).
1
Let l(o) = -5*o - 15. Determine l(-18).
75
Let l(o) = 3*o**2 - 12*o + 39. Calculate l(3).
30
Let k(p) = 12*p + 13. What is k(-4)?
-35
Let m(a) = -2*a**2 + 13*a + 25. Calculate m(12).
-107
Let b(a) = -a**3 + 19*a**2 - 18*a - 29. Calculate b(18).
-29
Let s(v) = 7*v + 27. Determine s(-6).
-15
Let v(t) = 2*t**3 - 7*t**2 + t + 5. Determine v(2).
-5
Let q(f) = 2*f + 86. What is q(-37)?
12
Let z(s) = -s**2 + 4*s - 1. What is z(2)?
3
Let o(a) = 56*a + 2. Calculate o(1).
58
Let v(n) = 10*n. Determine v(-4).
-40
Let u(m) = -14*m**2 - 32*m + 5. Calculate u(-3).
-25
Let c(l) = -l**3 + 4*l**2 + 4*l - 5. Calculate c(4).
11
Let j(u) = 51*u**3 - 2*u**2 - 2*u - 1. Give j(-1).
-52
Let o(y) = -y**2 + y - 3. What is o(-3)?
-15
Let i(f) = 16*f. What is i(1)?
16
Let q(c) = -c**2 + 4*c + 26. What is q(7)?
5
Let a(d) = -d**2 + 12*d + 23. Give a(14).
-5
Let o(w) = 25*w - 180. Determine o(7).
-5
Let o(p) = p**3 - 3*p**2 - 4*p - 8. Calculate o(5).
22
Let d(m) = m + 23. Determine d(-17).
6
Let o(d) = -35*d - 61. What is o(-6)?
149
Let a(z) = 8*z - 18. Determine a(6).
30
Let m(q) = -5*q - 3. What is m(3)?
-18
Let l(a) = a**2 - 7*a - 104. Determine l(14).
-6
Let u(b) = 8*b - 258. Give u(31).
-10
Let g(x) = -x**3 + 25*x**2 - x + 28. What is g(25)?
3
Let a(b) = -b**3 - 8*b**2 - 5*b + 4. Give a(-7).
-10
Let s(t) = 2*t**3 - t**2 - t + 1. What is s(1)?
1
Let i(x) = x**2 - 6*x - 1. What is i(4)?
-9
Let x(h) = -h**3 - 12*h**2 - 8*h - 90. What is x(-12)?
6
Let c(f) = 2*f**2 - 21*f - 17. Give c(11).
-6
Let a(f) = -55*f**2 + 2*f + 3. What is a(-1)?
-54
Let h(v) = -10*v**3 + v**2 - 2. What is h(-1)?
9
Let q(k) = 3*k + 5. What is q(-8)?
-19
Let k(h) = 4*h + 27. Calculate k(-27).
-81
Let b(z) = -6*z + 5. Determine b(-5).
35
Let b(h) = h**3 + 11*h**2 + h + 7. Calculate b(-11).
-4
Let i(x) = x**3 - 6*x**2 + 5*x. What is i(3)?
-12
Let h(g) = -11*g**3 - g**2 + g. Calculate h(-1).
9
Let c(j) = j**2 + 11*j + 18. Determine c(-6).
-12
Let o(r) = 5*r - 39. Determine o(16).
41
Let m(c) = c - 31. What is m(15)?
-16
Let b(r) = -r**3 - r**2 - 3*r + 42. Give b(0).
42
Let p(y) = -y**3 - 4*y**2 - 4. Calculate p(-5).
21
Let b(l) = 218*l + 1096. Calculate b(-5).
6
Let g(o) = 2*o**2 - 13*o + 8. Calculate g(5).
-7
Let l(j) = 25*j + 337. What is l(-15)?
-38
Let h(u) = -u**2 - 5*u. Give h(-6).
-6
Let i(r) = 8*r**2 + 16*r. Determine i(-5).
120
Let a(x) = 2*x**2 - 13*x - 56. What is a(9)?
-11
Let k(l) = -19*l - 183. What is k(-8)?
-31
Let s(q) = q - 10. What is s(6)?
-4
Let x(n) = -n**2 - 16*n - 16. Give x(-11).
39
Let t(o) = 148*o. Give t(-1).
-148
Let d(r) = 6*r + 138. Determine d(-25).
-12
Let j(p) = p**2 - 8*p - 12. Calculate j(-3).
21
Let c(x) = 6*x**2. Give c(1).
6
Let i(j) = 37*j + 7. Calculate i(1).
44
Let b(y) = 9*y**2 + 4*y - 6. Determine b(2).
38
Let m(b) = b**3 - 10*b**2 + b - 11. Calculate m(10).
-1
Let q(j) = 2*j**3 + 16*j**2 - 22*j - 22. Determine q(-9).
14
Let r(b) = b - 2. Calculate r(10).
8
Let h(v) = -13*v - 2. Calculate h(-3).
37
Let k(b) = -b. Calculate k(-3).
3
Let f(b) = -b**2 + 20*b + 13. What is f(24)?
-83
Let o(q) = 3*q. Give o(-1).
-3
Let b(w) = 7*w + 5. Calculate b(-4).
-23
Let v(j) = j**2 - 6*j + 10. Calculate v(4).
2
Let x(m) = -2*m + 34. Determine x(17).
0
Let o(m) = m**3 + 9*m**2 - m - 19. What is o(-9)?
-10
Let f(k) = -4*k - 10. What is f(-7)?
18
Let x(o) = -2*o**2 + 23*o - 11. Determine x(10).
19
Let s(k) = -10*k + 294. Calculate s(28).
14
Let y(a) = -a**3 - 10*a**2 - 13*a - 11. Give y(-8).
-35
Let n(s) = s**2 - 14*s + 38. Determine n(3).
5
Let y(s) = s + 11. Calculate y(-7).
4
Let d(x) = -7*x + 130. What is d(19)?
-3
Let v(l) = 2*l**3 - 4*l**2 + 3*l - 2. Give v(2).
4
Let d(u) = -2*u - 28. Give d(-12).
-4
Let s(b) = b**3 - 37*b**2 + 3*b - 114. Determine s(37).
-3
Let z(u) = u**2 - 13*u + 25. What is z(10)?
-5
Let z(b) = 15*b - 4. Determine z(5).
71
Let o(p) = p**3 + 4*p**2 + 3*p + 4. What is o(-3)?
4
Let s(n) = 4*n - 47. Determine s(11).
-3
Let j(i) = -6*i - 48. Give j(14).
-132
Let o(b) = b**2 + 4*b - 8. Give o(7).
69
Let x(p) = -p**3 - 11*p**2 - 3*p + 10. Calculate x(-9).
-125
Let p(k) = -k**3 - 6*k**2 - 6*k. Determine p(-6).
36
Let s(q) = 6*q + 20. Give s(-13).
-58
Let k(p) = -p**3 + 8*p + 6. Determine k(4).
-26
Let a(y) = -5*y - 40. Determine a(-7).
-5
Let d(x) = x**2 - 9*x - 3. Determine d(10).
7
Let a(c) = c**2 + 35*c - 45. Give a(-36).
-9
Let w(x) = 2*x**2 + 29*x + 6. Calculate w(-15).
21
Let l(i) = 12*i - 1. Calculate l(-1).
-13
Let t(r) = 2*r**2 + 6*r + 13. Determine t(-2).
9
Let g(z) = z**3 + 5*z**2 + 7*z. Calculate g(-3).
-3
Let u(r) = -7*r + 23. What is u(5)?
-12
Let l(p) = p**2 + 6*p - 3. Give l(4).
37
Let i(h) = -h**2 - 9*h - 18. Determine i(-7).
-4
Let t(y) = -y - 5. Give t(1).
-6
Let p(x) = -x**3 - 18*x**2 - 3*x - 55. Calculate p(-18).
-1
Let d(z) = z**2 - 3*z + 14. Calculate d(7).
42
Let w(z) = -4*z - 7. What is w(0)?
-7
Let x(a) = -a**3 - 5*a**2 - 3*a - 7. Calculate x(-5).
8
Let u(j) = -j**2. What is u(4)?
-16
Let y(t) = 5*t**2 + 3*t - 5. Give y(-4).
63
Let y(a) = -a**3 + 5*a**2 + 9*a - 19. Give y(6).
-1
Let v(b) = b**3 + 7*b**2 + 10*b + 2. Give v(-2).
2
Let a(s) = 2*s**3 + s**2 - 2*s - 2. What is a(-2)?
-10
Let r(n) = 16*n + 4. What is r(-4)?
-60
Let t(d) = -9*d + 7. Calculate t(-5).
52
Let t(l) = -5*l - 1. Calculate t(-7).
34
Let v(b) = -b**2 + 11*b - 16. Determine v(9).
2
Let y(u) = -5*u**2 + 7*u + 3. Determine y(3).
-21
Let 